t of i(-4)?
1
Let n be (-956)/6*24/(-16). Let p = n - 151. What is the tens digit of p?
8
Let l(p) = p**2 + 10*p - 43. Let q(a) = -5*a**2 - 50*a + 214. Let x(w) = 11*l(w) + 2*q(w). What is the units digit of x(-17)?
4
Let d = 11 + -27. Let u = d - -36. Let y = u + 12. What is the units digit of y?
2
What is the hundreds digit of -1*(-1)/(-3)*-607*12?
4
Let j = -31 - -34. Suppose -4*p - 6 = n - 3*n, 4*n + 10 = -j*p. What is the units digit of 65 + n - (4 + -7)?
7
Suppose -5*a - 29 = 2*m - 121, -3*m = -4*a + 69. Suppose -a*z - 70 = -23*z. What is the units digit of z?
4
Let p be ((-105)/11)/(-3) + 18/(-99). What is the tens digit of 106 - (-2 + -2 + p)?
0
Let u(d) = 5*d + 1. Let z be u(7). Suppose 0 = -2*g - 8 - z. Let y = g - -36. What is the units digit of y?
4
Let w(r) = r + 4. Let j be w(-22). What is the units digit of 156/9 + 6/j?
7
Let l be 7 + -4 - -4 - 1. Let v(b) = -21 - 8*b + 5*b + 14*b. What is the tens digit of v(l)?
4
Suppose 2*j + j = -2*s + 1471, j + 3*s - 481 = 0. What is the hundreds digit of j?
4
Suppose m - 3*f - 12 = 0, -7 - 1 = 2*m + 2*f. Suppose 0 = -m*g + 5*g. What is the tens digit of (-3 - g - -4) + 60?
6
Suppose 4 = -4*s + 8. What is the tens digit of (2 - s) + 50 + 9?
6
Let z(q) = -1 + 8*q + 0*q**2 - 4*q + 2*q**2. What is the hundreds digit of z(-9)?
1
Let a = -203 - -1058. What is the tens digit of a?
5
Suppose 5*q = -2*b - 0*b + 2460, -5*q = b - 2465. What is the tens digit of q?
9
Suppose 33*o - 30*o = 93. Let d = o + -22. What is the units digit of d?
9
Suppose -5*v = -3*v + 4*f - 30, -5*f + 45 = 4*v. Suppose -m + v*g - 30 = 0, 4*m + 3*g = 7*g - 72. What is the tens digit of (4/6)/(m/(-1080))?
4
Suppose -187*x + 225406 = -144*x. What is the units digit of x?
2
Let w(q) = -q**2 + 6*q + 43. Let i be w(-4). Let s = -3 + 81. Suppose 0 = -3*j - 3*z + 78, 0*z = -i*j + 5*z + s. What is the tens digit of j?
2
Suppose 6*z - 4*z - 3710 = 2*w, 2*w = 0. What is the hundreds digit of z?
8
Suppose -4*t + 5*t - 45 = 5*l, -l - 5*t = 9. Let p be 3/l - 128/(-24). Let c = 5 + p. What is the units digit of c?
0
Let h = 44 + -37. Suppose 0 = 3*s - 5*z - 110, 2*s - 84 - 26 = -4*z. Let b = s - h. What is the units digit of b?
8
Let y = 261 - 228. Suppose 0 = 4*f - 7 - 13. Suppose -2*q + f*q = y. What is the tens digit of q?
1
Let u(i) = -3*i + 14*i + 14 + 0. Let h be u(10). Suppose -3*w = w - h. What is the tens digit of w?
3
Suppose -5*o - 10457 - 693 = -4*c, -5*c + 13931 = -3*o. What is the hundreds digit of c?
7
Let o be (45/20)/((-42)/(-112)). Let j(c) = c**3 - c - 6. Let r(u) = -u**3 + u**2 + 2*u + 5. Let w(a) = 4*j(a) + 5*r(a). What is the units digit of w(o)?
1
Suppose 0 = 5*t - 3*i - 131, 0*t + t = -3*i + 19. Let j = t - 22. What is the units digit of 47 + 4 + 9/j?
4
Let h = -256 - -395. Let a = h + -62. What is the units digit of a?
7
Suppose 47 - 11 = 9*r. Suppose -v - 151 = -2*j - r*v, 3*v = -4*j + 293. What is the tens digit of j?
7
Let n = -156 + 632. What is the units digit of n?
6
Suppose -60 = -4*v + 2*v. Suppose 5*b - v - 30 = 0. What is the units digit of (6/b)/(1/46)?
3
Let c = -55 + 79. Suppose 29*p = c*p + 280. What is the units digit of p?
6
Let z = 6 - -5. Let a = -9 + z. Let v(u) = 8*u**2 - 4*u + 5. What is the tens digit of v(a)?
2
Let r(x) = 593*x - 8. What is the units digit of r(1)?
5
Suppose -3592 = -4*q + f, -3*f = -7*q + 8*q - 911. What is the units digit of q?
9
Let j(n) = 10*n**2 + 162*n + 23. What is the units digit of j(-27)?
9
Let f(o) = o**2 - 16*o - 8. Let t be f(17). Let a(v) = v**3 - 9*v**2 + 3*v - 12. Let w be a(t). Suppose -11*n = -10*n - w. What is the tens digit of n?
1
Suppose 4*z - 1172 = 1100. What is the units digit of z?
8
Let j(x) = -x**2 - 14*x + 9. Let b = -13 - -67. Suppose 4*k = -3*c - b, c + 2*c + 30 = -2*k. What is the tens digit of j(k)?
3
Suppose -2*h + 122 = h - 2*c, -h + c + 39 = 0. Suppose 3*d + 2*i + i - 111 = 0, -h = -2*d + 4*i. What is the tens digit of d?
3
Suppose -4*q + 4*w + 998 + 954 = 0, 4*w + 1461 = 3*q. What is the tens digit of q?
9
Suppose 6*u - 10 = 4*u. Suppose u*b + 1 = 6, -d - b = -58. Let c = d + -33. What is the tens digit of c?
2
Suppose 3414 = 14*j + 628. What is the tens digit of j?
9
Let u(o) = -o**2 - 6*o - 7. Let k be u(-4). Suppose -2*w + 4*a = 3*w - 148, -3*a - 6 = 0. Suppose -q + w = -k. What is the units digit of q?
9
Let d(p) be the second derivative of p**4/12 + p**3/2 - 2*p**2 - 9*p. Let i be d(5). Let n = i + -6. What is the tens digit of n?
3
Let j = 21 + -55. Suppose -118 = 5*x - 2*q, -2*x - q - 43 = -6*q. Let n = x - j. What is the units digit of n?
0
Let i(p) = -400*p - 589. What is the hundreds digit of i(-10)?
4
Suppose -408*n + 1206 = -406*n. What is the hundreds digit of n?
6
Let n be 2 + -3 + 15/3. Suppose 117 = 5*x + v - 5*v, 0 = 4*x + n*v - 108. Suppose 4*z - 1 - x = 2*i, 5*i - 33 = -4*z. What is the units digit of z?
7
Let i(u) = u**2 + 10*u + 8. Let h be i(-12). What is the units digit of (h/(-40))/((-4)/450)?
0
Suppose -5*u + 5 = 0, -u + 328 + 1181 = 4*x. What is the tens digit of x?
7
Let t(o) = -3*o**3 + 12*o**2 + 18*o - 2. Let d be t(-6). What is the units digit of d/4 - (-2)/(-4)?
2
Let p = 14 + -12. Let q(j) = j**3 - 11 - j - j**p + 10 + 3*j + 0*j**3. What is the units digit of q(2)?
7
Let v = 4159 + -1226. What is the hundreds digit of v?
9
Let i = 201 - 114. Suppose 2*f - 83 = i. What is the tens digit of f?
8
Let t(y) = y - 1. Suppose 2*s = -2*b - s - 6, b - 4*s = 19. Let g be t(b). What is the tens digit of 2/(4*g/56)?
1
Let b = -12 + 16. Suppose 3*h = -b*i - 12, -32 = 4*i - 4*h + 8. Let p = i - -14. What is the units digit of p?
8
Let k = -37 + 72. Suppose d + 3*a - 5*a = 15, -4*d - 4*a + 60 = 0. Let m = k - d. What is the units digit of m?
0
Suppose -5*r + 5 = 5*q, 1 = -3*q - 5*r - 0. Suppose 0 = -2*w - 5*p + 20, -4*w + q*p - 12 = -w. Let a(o) = 4*o + 73. What is the tens digit of a(w)?
7
Let q(l) = 7*l + 1. Let w(x) = 6*x. Let k(m) = 4*q(m) - 5*w(m). Let g be k(5). Let c = 1 - g. What is the units digit of c?
7
Let s(o) = -41*o - 1. Let w be s(-1). Suppose w*q + 94 = 42*q. Suppose 5*f = -q + 237. What is the units digit of f?
8
Let m = 382 - -1. Let z = -250 + m. Let x = -77 + z. What is the tens digit of x?
5
Suppose -3*m + 391 = 34. What is the units digit of m?
9
Let k(o) = -o**3 + 17*o**2 + 15*o + 7. What is the units digit of k(11)?
8
What is the units digit of 108/234 + 32624/13?
0
Suppose -a - 2*x = -688, 4*x + 0*x - 694 = -a. What is the tens digit of a?
8
Let d(b) = 52*b**2 - 5*b - 2. Let o(t) = -78*t**2 + 8*t + 3. Let q(w) = 8*d(w) + 5*o(w). What is the units digit of q(1)?
5
Suppose -26*g = -34*g + 4256. What is the tens digit of g?
3
Let a = 95 - 52. Suppose -a = 7*x - 295. What is the tens digit of x?
3
Let b = 1543 - 628. What is the hundreds digit of (-2)/(2 - 1840/b)?
1
Let t be (-4)/(-14) + -17*327/(-21). Suppose 3*b - 2*m - t = 0, 0 = 5*b - m - 210 - 227. What is the units digit of b?
7
Suppose -2*q - 3*t + 2831 = 0, -4 = -5*t - 29. What is the units digit of q?
3
Let z be -9 + 2 + 0 + 2. What is the tens digit of 4 + z - 2 - -18?
1
Let a = -90 - -1444. What is the hundreds digit of a?
3
Let v = -81 - -169. Suppose -2*t + 4*t - v = 3*c, -t - 2*c + 44 = 0. What is the tens digit of t?
4
Let j be (0/2)/((-1)/1). Suppose -2*z = 4*d + 2*z - 288, j = -4*d - 2*z + 278. What is the tens digit of d?
6
Suppose -515 = 4*v + 3*f, 4*v + 509 = 3*f - 0*f. Let o = v - -330. What is the tens digit of o?
0
Let q be ((-2)/7)/((-4)/28). Let g be q/(-3) + (-1111)/(-33). Suppose -4*o + g + 175 = 0. What is the tens digit of o?
5
Let q(f) = 16*f + 1. Let p be q(1). Let h = p - 15. What is the units digit of h + 2 + (6 - 4)?
6
Let p(m) = -18*m**3 - m. Let v be p(-1). Suppose v = q - 2*h - 9, 2*h + 100 = 4*q. What is the tens digit of q?
2
Let z = -272 + 615. What is the units digit of z?
3
Suppose -3*v + 5*m - 12 = -4*v, -20 = -5*v - 5*m. Suppose v*s = -1 + 9. Suppose -172 = -s*f - 0*f. What is the tens digit of f?
4
Let h(m) = 17*m - 2 + 11*m**2 - m**2 - 16*m. What is the tens digit of h(2)?
4
Let k = -1702 - -4559. What is the thousands digit of k?
2
Let w(n) = -113*n + 8. What is the tens digit of w(-7)?
9
Let w be (5 - -1)*2/3. Let z = 4 - w. Suppose -64 = -5*t + k, z*k + k = -4. What is the tens digit of t?
1
Let 